{"id":430,"date":"2016-02-26T00:59:50","date_gmt":"2016-02-25T23:59:50","guid":{"rendered":"http:\/\/anton-dresden.de\/wordpress\/?page_id=430"},"modified":"2021-03-22T16:46:50","modified_gmt":"2021-03-22T15:46:50","slug":"agb","status":"publish","type":"page","link":"https:\/\/anton-dresden.de\/?page_id=430","title":{"rendered":"AGB"},"content":{"rendered":"\n<h2 class=\"has-normal-font-size\"><strong><span style=\"font-family: sans-serif;\"><span style=\"font-size: medium;\">I. Geltungsbereich<\/span><\/span><\/strong><\/h2>\n\n\n\n<p><span style=\"font-family: sans-serif;\"><span style=\"font-size: medium;\">1.Diese Gesch\u00e4ftsbedingungen gelten f\u00fcr Vertr\u00e4ge \u00fcber die mietweise \u00dcberlassung von Konferenz-, Bankett- und Veranstaltungsr\u00e4umen des AnTon zur Durchf\u00fchrung von Veranstaltungen, Partys, Seminaren, Tagungen etc. sowie f\u00fcr alle damit zusammenh\u00e4ngenden weiteren Leistungen und Lieferungen des AnTon.<\/span><\/span><\/p>\n\n\n\n<p><span style=\"font-family: sans-serif;\"><span style=\"font-size: medium;\">2. Die Unter- oder Weitervermietung der \u00fcberlassenen R\u00e4ume, Fl\u00e4chen oder Vitrinen sowie die Einladung zu Vorstellungsgespr\u00e4chen, Verkaufs- oder \u00e4hnlichen Veranstaltungen bed\u00fcrfen der vorherigen schriftlichen Zustimmung des AnTon.<\/span><\/span><\/p>\n\n\n\n<p><span style=\"font-family: sans-serif;\"><span style=\"font-size: medium;\">3. Gesch\u00e4ftsbedingungen des Veranstalters finden nur Anwendung, wenn dies ausdr\u00fccklich schriftlich vereinbart wurde.<\/span><\/span><\/p>\n\n\n\n<h3 class=\"has-normal-font-size\"><strong><span style=\"font-size: medium;\"><span style=\"font-family: sans-serif;\">II. Vertragsabschlu\u00df, -partner, -haftung<\/span><\/span><\/strong><\/h3>\n\n\n\n<p><span style=\"font-family: sans-serif;\"><span style=\"font-size: medium;\">1. Der Vertrag kommt durch die Antragsannahme (Best\u00e4tigung) des AnTon an den Veranstalter zustande; diese sind die Vertragspartner.<\/span><\/span><\/p>\n\n\n\n<p><span style=\"font-family: sans-serif;\"><span style=\"font-size: medium;\">2. Ist der Kunde\/Besteller nicht der Veranstalter selbst oder wird vom Veranstalter ein gewerblicher Vermittler oder Organisator eingeschaltet, so haften diese zusammen mit dem Veranstalter gesamtschuldnerisch f\u00fcr alle Verpflichtungen aus dem Vertrag.<\/span><\/span><\/p>\n\n\n\n<p><span style=\"font-family: sans-serif;\"><span style=\"font-size: medium;\">3. Das AnTon haftet f\u00fcr seine Verpflichtungen aus dem Vertrag. Diese Haftung ist beschr\u00e4nkt auf Leistungsm\u00e4ngel die, au\u00dfer im leistungstypischen Bereich, auf Vorsatz oder grobe Fahrl\u00e4ssigkeit des AnTon zur\u00fcckzuf\u00fchren sind. Im \u00dcbrigen ist der Veranstalter verpflichtet, das AnTon rechtzeitig auf die M\u00f6glichkeit der Entstehung eines au\u00dfergew\u00f6hnlich hohen Schadens hinzuweisen.<\/span><\/span><\/p>\n\n\n\n<h3 class=\"has-normal-font-size\"><strong><span style=\"font-family: sans-serif;\"><span style=\"font-size: medium;\">III. Leistungen, Preise, Zahlung<\/span><\/span><\/strong><\/h3>\n\n\n\n<p><span style=\"font-family: sans-serif;\"><span style=\"font-size: medium;\">1. Das AnTon ist verpflichtet, die vom Veranstalter bestellten und vom AnTon zugesagten Leistungen zu erbringen. <\/span><\/span><\/p>\n\n\n\n<p><span style=\"font-family: sans-serif;\"><span style=\"font-size: medium;\">2. Der Veranstalter ist verpflichtet, die f\u00fcr diese Leistungen vereinbarten Preise des AnTon zu zahlen. Dies gilt auch f\u00fcr in Verbindung mit der Veranstaltung stehende Leistungen und Auslagen des AnTon an Dritte.<\/span><\/span><\/p>\n\n\n\n<p><span style=\"font-family: sans-serif;\"><span style=\"font-size: medium;\">3. Die vereinbarten Preise schlie\u00dfen die jeweilige gesetzliche Mehrwertsteuer ein. \u00dcberschreitet der Zeitraum zwischen Vertragsabschlu\u00df und Veranstaltung 4 Monate und erh\u00f6ht sich der vom AnTon allgemein f\u00fcr derartige Leistungen berechnete Preis, so kann der vertraglich vereinbarte Preis angemessen, h\u00f6chstens jedoch um 10% erh\u00f6ht werden.<\/span><\/span><\/p>\n\n\n\n<p><span style=\"font-family: sans-serif;\"><span style=\"font-size: medium;\">4. Rechnungen des AnTon ohne F\u00e4lligkeitsdatum sind binnen 10 Tagen ab Zugang der Rechnung ohne Abzug zahlbar. Bei Zahlungsverzug ist das AnTon berechtigt, Zinsen in H\u00f6he von 8% \u00fcber dem jeweiligen Basiszinssatz bzw. dem entsprechenden Nachfolgezinssatz der Europ\u00e4ischen Zentralbank zu berechnen. Dem Veranstalter bleibt der Nachweis eines niedrigeren, dem AnTon des einen h\u00f6heren Schadens vorbehalten.<\/span><\/span><\/p>\n\n\n\n<p><span style=\"font-family: sans-serif;\"><span style=\"font-size: medium;\">5. Das AnTon ist berechtigt, jederzeit eine angemessene Vorauszahlung zu verlangen. Die H\u00f6he der Vorauszahlung und die Zahlungstermine k\u00f6nnen im Vertrag schriftlich vereinbart werden.<\/span><\/span><\/p>\n\n\n\n<h3 class=\"has-normal-font-size\"><strong><span style=\"font-family: sans-serif;\"><span style=\"font-size: medium;\">IV. R\u00fccktritt des AnTon<\/span><\/span><\/strong><\/h3>\n\n\n\n<p><span style=\"font-family: sans-serif;\"><span style=\"font-size: medium;\">1. Wird die Vorauszahlung auch nach Verstreichen einer vom AnTon gesetzten angemessenen Nachfrist mit Ablehnungsandrohung nicht geleistet, so ist das AnTon zum R\u00fccktritt vom Vertrag berechtigt. Ferner ist das AnTon berechtigt, aus sachlich gerechtfertigtem Grund vom Vertrag zur\u00fcckzutreten, beispielsweise falls h\u00f6here Gewalt oder andere vom AnTon nicht zu vertretende Umst\u00e4nde die Erf\u00fcllung des Vertrags unm\u00f6glich machen; Veranstaltungen unter irref\u00fchrender oder falscher Angabe wesentlicher Tatsachen, z.B. des Veranstalters oder Zwecks, gebucht werden; das AnTon begr\u00fcndeten Anlass zu der Annahme hat, dass die Veranstaltung den reibungslosen Gesch\u00e4ftsbetrieb, die Sicherheit oder das Ansehen des AnTon in der \u00d6ffentlichkeit gef\u00e4hrden kann, ohne dass dies dem Herrschafts- bzw. Organisationsbereich des AnTon zuzurechnen ist; ein Versto\u00df gegen oben Geltungsbereich Absatz 2 vorliegt.<\/span><\/span><\/p>\n\n\n\n<p><span style=\"font-family: sans-serif;\"><span style=\"font-size: medium;\">2. Das AnTon hat den Veranstalter von der Aus\u00fcbung des R\u00fccktrittrechts unverz\u00fcglich in Kenntnis zu setzen. <\/span><\/span><\/p>\n\n\n\n<p><span style=\"font-family: sans-serif;\"><span style=\"font-size: medium;\">Es entsteht kein Anspruch des Veranstalters auf Schadensersatz gegen das AnTon , au\u00dfer bei vors\u00e4tzlichem oder grob fahrl\u00e4ssigem Verhalten des AnTon.<\/span><\/span><\/p>\n\n\n\n<h3 class=\"has-normal-font-size\"><strong><span style=\"font-family: sans-serif;\"><span style=\"font-size: medium;\">V. R\u00fccktritt des Veranstalters (Abbestellung)<\/span><\/span><\/strong><\/h3>\n\n\n\n<p><span style=\"font-family: sans-serif;\"><span style=\"font-size: medium;\">1. Bei R\u00fccktritt des Veranstalters ist das AnTon berechtigt, die vereinbarte Miete in Rechnung zu stellen, sofern eine Weitervermietung nicht mehr m\u00f6glich ist. <\/span><\/span><\/p>\n\n\n\n<p><span style=\"font-family: sans-serif;\"><span style=\"font-size: medium;\">2. Tritt der Veranstalter erst zwischen der 6. und der 4.Woche vor dem Veranstaltungstermin zur\u00fcck, ist das AnTon berechtigt 35% des entgangenen Speisenumsatzes und Getr\u00e4nkeumsatzes in Rechnung zu stellen, bei jedem sp\u00e4teren R\u00fccktritt 70% des Speise- und Getr\u00e4nkeumsatzes.<\/span><\/span><\/p>\n\n\n\n<p><span style=\"font-size: medium;\"><span style=\"font-family: sans-serif;\">3. Die Berechnung des Umsatzes erfolgt nach der Formel: Buffetpreis x Personenzahl zzgl. einer Getr\u00e4nkepauschale in H\u00f6he von 12 \u20ac pro Person. War f\u00fcr das Essen noch kein Preis vereinbart, wird das preiswerteste Buffet des jeweils g\u00fcltigen Veranstaltungsangebots zugrunde gelegt. Ersparte Aufwendungen nach 2. und 3. sind damit abgegolten. Dem Veranstalter bleibt der Nachweis eines niedrigeren, dem AnTon des einen h\u00f6heren Schadens vorbehalten.<\/span><\/span><\/p>\n\n\n\n<h3 class=\"has-normal-font-size\"><strong><span style=\"font-family: sans-serif;\"><span style=\"font-size: medium;\">VI. \u00c4nderungen der Teilnehmerzahl und der Veranstaltungszeit<\/span><\/span><\/strong><\/h3>\n\n\n\n<p><span style=\"font-family: sans-serif;\"><span style=\"font-size: medium;\">1. Eine \u00c4nderung der Teilnehmerzahl um mehr als 5% muss sp\u00e4testens 5 Werktage vor Veranstaltungsbeginn der Bankettabteilung mitgeteilt werden; sie bedarf der Zustimmung des AnTon.<\/span><\/span><\/p>\n\n\n\n<p><span style=\"font-family: sans-serif;\"><span style=\"font-size: medium;\">2. Eine Reduzierung der Teilnehmerzahl um maximal 5% wird vom AnTon bei der Abrechnung anerkannt. Bei dar\u00fcber hinausgehenden Abweichungen wird die urspr\u00fcnglich gemeldete Teilnehmerzahl abz\u00fcglich 5% zugrunde gelegt. Im Fall einer Abweichung nach oben wird die tats\u00e4chliche Teilnehmerzahl berechnet.<\/span><\/span><\/p>\n\n\n\n<p><span style=\"font-family: sans-serif;\"><span style=\"font-size: medium;\">3. Bei Abweichungen der Teilnehmerzahl um mehr als 10% ist das AnTon berechtigt, die vereinbarten Preise neu festzusetzen sowie die best\u00e4tigten R\u00e4ume zu tauschen, es sei denn, dass dies dem Veranstalter unzumutbar ist.<\/span><\/span><\/p>\n\n\n\n<p><span style=\"font-family: sans-serif;\"><span style=\"font-size: medium;\">4. Verschieben sich ohne vorherige schriftliche Zustimmung des AnTon die vereinbarten Anfangs- oder Schlusszeiten der Veranstaltung, so kann das AnTon zus\u00e4tzliche Kosten der Leistungsbereitschaft in Rechnung stellen, es sei denn, das AnTon trifft das Verschulden.<\/span><\/span><\/p>\n\n\n\n<h3 class=\"has-normal-font-size\"><strong><span style=\"font-family: sans-serif;\"><span style=\"font-size: medium;\">VII. Mitbringen von Speisen und Getr\u00e4nken<\/span><\/span><\/strong><\/h3>\n\n\n\n<p><span style=\"font-family: sans-serif;\"><span style=\"font-size: medium;\">1. Der Veranstalter darf Speisen und Getr\u00e4nke zu Veranstaltungen grunds\u00e4tzlich nicht mitbringen. Ausnahmen bed\u00fcrfen einer schriftlichen Vereinbarung mit der Bankettabteilung. In diesen F\u00e4llen wird ein Beitrag zur Deckung der Gemeinkosten berechnet.<\/span><\/span><\/p>\n\n\n\n<h3 class=\"has-normal-font-size\"><strong><span style=\"font-family: sans-serif;\"><span style=\"font-size: medium;\">VII. Technische Einrichtungen und Anschl\u00fcsse<\/span><\/span><\/strong><\/h3>\n\n\n\n<p><span style=\"font-family: sans-serif;\"><span style=\"font-size: medium;\">1. Soweit das AnTon f\u00fcr den Veranstalter auf dessen Veranlassung technische und sonstige Einrichtungen von Dritten beschafft, handelt es im Namen, in Vollmacht und f\u00fcr Rechnung des Veranstalters.<\/span><\/span><\/p>\n\n\n\n<p><span style=\"font-family: sans-serif;\"><span style=\"font-size: medium;\">2. Der Veranstalter haftet f\u00fcr die pflegliche Behandlung und die ordnungsgem\u00e4\u00dfe R\u00fcckgabe. Er stellt das AnTon von allen Anspr\u00fcchen Dritter aus der \u00dcberlassung dieser Einrichtungen frei.<\/span><\/span><\/p>\n\n\n\n<p><span style=\"font-family: sans-serif;\"><span style=\"font-size: medium;\">3. Die Verwendung von eigenen elektrischen Anlagen des Veranstalters unter Nutzung des Stromnetzes des AnTon bedarf dessen schriftlicher Zustimmung. Durch die Verwendung dieser Ger\u00e4te auftretende St\u00f6rungen oder Besch\u00e4digungen an den technischen Anlagen des AnTon gehen zu Lasten des Veranstalters, soweit das AnTon diese nicht zu vertreten hat. Die durch die Verwendung entstehenden Stromkosten darf das AnTon pauschal erfassen und berechnen.<\/span><\/span><\/p>\n\n\n\n<p><span style=\"font-family: sans-serif;\"><span style=\"font-size: medium;\">4. St\u00f6rungen an vom AnTon zur Verf\u00fcgung gestellten technischen oder sonstigen Einrichtungen werden nach M\u00f6glichkeit sofort beseitigt. Zahlungen k\u00f6nnen nicht zur\u00fcckbehalten oder gemindert werden, soweit das AnTon diese St\u00f6rungen nicht zu vertreten hat.<\/span><\/span><\/p>\n\n\n\n<h3 class=\"has-normal-font-size\"><strong><span style=\"font-family: sans-serif;\"><span style=\"font-size: medium;\">VIII. Verlust oder Besch\u00e4digung mitgebrachter Sachen<\/span><\/span><\/strong><\/h3>\n\n\n\n<p><span style=\"font-family: sans-serif;\"><span style=\"font-size: medium;\">1. Mitgef\u00fchrte Ausstellungs- oder sonstige, auch pers\u00f6nliche Gegenst\u00e4nde befinden sich auf Gefahr des Veranstalters in den Veranstaltungsr\u00e4umen. Das AnTon \u00fcbernimmt f\u00fcr Verlust, Untergang oder Besch\u00e4digung keine Haftung, au\u00dfer bei grober Fahrl\u00e4ssigkeit oder Vorsatz des AnTon.<\/span><\/span><\/p>\n\n\n\n<p><span style=\"font-family: sans-serif;\"><span style=\"font-size: medium;\">2. Mitgebrachtes Dekorationsmaterial hat den feuerpolizeilichen Anforderungen zu entsprechen. Daf\u00fcr einen beh\u00f6rdlichen Nachweis zu verlangen, ist das AnTon berechtigt. Wegen m\u00f6glicher Besch\u00e4digungen sind die Aufstellung und Anbringung von Gegenst\u00e4nden vorher mit dem AnTon abzustimmen.<\/span><\/span><\/p>\n\n\n\n<p><span style=\"font-family: sans-serif;\"><span style=\"font-size: medium;\">3. Die mitgebrachten Ausstellungs- oder sonstigen Gegenst\u00e4nde sind nach Ende der Veranstaltung unverz\u00fcglich zu entfernen. Unterl\u00e4sst der Veranstalter das, darf das AnTon die Entfernung und Lagerung zu Lasten des Veranstalters vornehmen. Verbleiben die Gegenst\u00e4nde im Veranstaltungsraum, kann das AnTon f\u00fcr die Dauer des Verbleibs Raummiete berechnen. Dem Veranstalter bleibt der Nachweis eines niedrigeren, dem AnTon der Nachweis eines h\u00f6heren Schadens vorbehalten.<\/span><\/span><\/p>\n\n\n\n<h3 class=\"has-normal-font-size\"><strong><span style=\"font-family: sans-serif;\"><span style=\"font-size: medium;\">IX. Haftung des Veranstalters f\u00fcr Sch\u00e4den<\/span><\/span><\/strong><\/h3>\n\n\n\n<p><span style=\"font-family: sans-serif;\"><span style=\"font-size: medium;\">1. Der Veranstalter haftet f\u00fcr alle Sch\u00e4den an Geb\u00e4ude oder Inventar, die durch Veranstaltungsteilnehmer<br>\nbzw. -besucher, Mitarbeiter, sonstige Dritte aus seinem Bereich oder ihn selbst verursacht werden. <\/span><\/span><\/p>\n\n\n\n<p><span style=\"font-family: sans-serif;\"><span style=\"font-size: medium;\">2. Das AnTon kann vom Veranstalter die Stellung angemessener Sicherheiten (z.B. Versicherungen, Kautionen, B\u00fcrgschaften) verlangen.<\/span><\/span><\/p>\n\n\n\n<h3 class=\"has-normal-font-size\"><strong><span style=\"font-family: sans-serif;\"><span style=\"font-size: medium;\">X. Schlussbestimmungen<\/span><\/span><\/strong><\/h3>\n\n\n\n<p><span style=\"font-family: sans-serif;\"><span style=\"font-size: medium;\">1. \u00c4nderungen oder Erg\u00e4nzungen des Vertrags, der Antragsannahme oder dieser Gesch\u00e4ftsbedingungen f\u00fcr Veranstaltungen sollen schriftlich erfolgen. Einseitige \u00c4nderungen oder Erg\u00e4nzungen durch den Veranstalter sind unwirksam. 2. Erf\u00fcllungs- und Zahlungsort ist der Sitz des AnTon.<\/span><\/span><\/p>\n\n\n\n<p><span style=\"font-size: medium;\"><span style=\"font-family: sans-serif;\">Ausschlie\u00dflich Gerichtsstand &#8211; auch f\u00fcr Scheck- und Wechselstreitigkeiten &#8211; ist im kaufm\u00e4nnischen Verkehr ist Dresden. Sofern ein Vertragspartner die Voraussetzungen des \u00a738 Absatz 1 ZPO erf\u00fcllt und keinen allgemeinen Gerichtsstand im Inland hat, gilt als Gerichtsstand Dresden. Es gilt deutsches Recht. Sollten einzelne Bestimmungen dieser Allgemeinen Gesch\u00e4ftsbedingungen f\u00fcr Veranstaltungen unwirksam oder nichtig sein, so wird dadurch die Wirksamkeit der \u00fcbrigen Bestimmungen nicht ber\u00fchrt. Im \u00dcbrigen gelten die gesetzlichen Vorschriften.<\/span><\/span><\/p>\n","protected":false},"excerpt":{"rendered":"<p>I. Geltungsbereich 1.Diese Gesch\u00e4ftsbedingungen gelten f\u00fcr Vertr\u00e4ge \u00fcber die mietweise \u00dcberlassung von Konferenz-, Bankett- und Veranstaltungsr\u00e4umen des AnTon zur Durchf\u00fchrung von Veranstaltungen, Partys, Seminaren, Tagungen [&hellip;]<\/p>\n","protected":false},"author":1,"featured_media":0,"parent":0,"menu_order":0,"comment_status":"closed","ping_status":"closed","template":"","meta":{"novablocks_hero_scroll_indicator":false,"novablocks_hero_position_indicators":false},"_links":{"self":[{"href":"https:\/\/anton-dresden.de\/index.php?rest_route=\/wp\/v2\/pages\/430"}],"collection":[{"href":"https:\/\/anton-dresden.de\/index.php?rest_route=\/wp\/v2\/pages"}],"about":[{"href":"https:\/\/anton-dresden.de\/index.php?rest_route=\/wp\/v2\/types\/page"}],"author":[{"embeddable":true,"href":"https:\/\/anton-dresden.de\/index.php?rest_route=\/wp\/v2\/users\/1"}],"replies":[{"embeddable":true,"href":"https:\/\/anton-dresden.de\/index.php?rest_route=%2Fwp%2Fv2%2Fcomments&post=430"}],"version-history":[{"count":28,"href":"https:\/\/anton-dresden.de\/index.php?rest_route=\/wp\/v2\/pages\/430\/revisions"}],"predecessor-version":[{"id":1969,"href":"https:\/\/anton-dresden.de\/index.php?rest_route=\/wp\/v2\/pages\/430\/revisions\/1969"}],"wp:attachment":[{"href":"https:\/\/anton-dresden.de\/index.php?rest_route=%2Fwp%2Fv2%2Fmedia&parent=430"}],"curies":[{"name":"wp","href":"https:\/\/api.w.org\/{rel}","templated":true}]}}